[INFO] cloning repository https://github.com/vhdirk/gnome-class
[INFO] running `Command { std: "git" "-c" "credential.helper=" "-c" "credential.helper=/workspace/cargo-home/bin/git-credential-null" "clone" "--bare" "https://github.com/vhdirk/gnome-class" "/workspace/cache/git-repos/https%3A%2F%2Fgithub.com%2Fvhdirk%2Fgnome-class", kill_on_drop: false }`
[INFO] [stderr] Cloning into bare repository '/workspace/cache/git-repos/https%3A%2F%2Fgithub.com%2Fvhdirk%2Fgnome-class'...
[INFO] running `Command { std: "git" "rev-parse" "HEAD", kill_on_drop: false }`
[INFO] [stdout] d01a5b2e1ac893a3b3a118992e9943c9c01f67c0
[INFO] checking vhdirk/gnome-class against master#cfbc6d4cf1acbac5c025acf8ed68929caa551df3 for pr-75494-beta
[INFO] running `Command { std: "git" "clone" "/workspace/cache/git-repos/https%3A%2F%2Fgithub.com%2Fvhdirk%2Fgnome-class" "/workspace/builds/worker-14/source", kill_on_drop: false }`
[INFO] [stderr] Cloning into '/workspace/builds/worker-14/source'...
[INFO] [stderr] done.
[INFO] validating manifest of git repo https://github.com/vhdirk/gnome-class on toolchain cfbc6d4cf1acbac5c025acf8ed68929caa551df3
[INFO] running `Command { std: "/workspace/cargo-home/bin/cargo" "+cfbc6d4cf1acbac5c025acf8ed68929caa551df3" "read-manifest" "--manifest-path" "Cargo.toml", kill_on_drop: false }`
[INFO] started tweaking git repo https://github.com/vhdirk/gnome-class
[INFO] finished tweaking git repo https://github.com/vhdirk/gnome-class
[INFO] tweaked toml for git repo https://github.com/vhdirk/gnome-class written to /workspace/builds/worker-14/source/Cargo.toml
[INFO] crate git repo https://github.com/vhdirk/gnome-class already has a lockfile, it will not be regenerated
[INFO] running `Command { std: "/workspace/cargo-home/bin/cargo" "+cfbc6d4cf1acbac5c025acf8ed68929caa551df3" "fetch" "--locked" "--manifest-path" "Cargo.toml", kill_on_drop: false }`
[INFO] [stderr]     Blocking waiting for file lock on package cache
[INFO] running `Command { std: "docker" "create" "-v" "/var/lib/crater-agent-workspace/builds/worker-14/target:/opt/rustwide/target:rw,Z" "-v" "/var/lib/crater-agent-workspace/builds/worker-14/source:/opt/rustwide/workdir:ro,Z" "-v" "/var/lib/crater-agent-workspace/cargo-home:/opt/rustwide/cargo-home:ro,Z" "-v" "/var/lib/crater-agent-workspace/rustup-home:/opt/rustwide/rustup-home:ro,Z" "-e" "SOURCE_DIR=/opt/rustwide/workdir" "-e" "CARGO_TARGET_DIR=/opt/rustwide/target" "-e" "CARGO_HOME=/opt/rustwide/cargo-home" "-e" "RUSTUP_HOME=/opt/rustwide/rustup-home" "-w" "/opt/rustwide/workdir" "-m" "1610612736" "--user" "0:0" "--network" "none" "rustops/crates-build-env@sha256:a636fd89d022f18117e1dc8fb37a0a009933cdbbe082814857f0e2024962d47c" "/opt/rustwide/cargo-home/bin/cargo" "+cfbc6d4cf1acbac5c025acf8ed68929caa551df3" "metadata" "--no-deps" "--format-version=1", kill_on_drop: false }`
[INFO] [stdout] c0744f6c4e98e78426e5d77c3403c71e647da142a09fe68fabe639c4d2ce7818
[INFO] [stderr] WARNING: Your kernel does not support swap limit capabilities or the cgroup is not mounted. Memory limited without swap.
[INFO] running `Command { std: "docker" "start" "-a" "c0744f6c4e98e78426e5d77c3403c71e647da142a09fe68fabe639c4d2ce7818", kill_on_drop: false }`
[INFO] running `Command { std: "docker" "inspect" "c0744f6c4e98e78426e5d77c3403c71e647da142a09fe68fabe639c4d2ce7818", kill_on_drop: false }`
[INFO] running `Command { std: "docker" "rm" "-f" "c0744f6c4e98e78426e5d77c3403c71e647da142a09fe68fabe639c4d2ce7818", kill_on_drop: false }`
[INFO] [stdout] c0744f6c4e98e78426e5d77c3403c71e647da142a09fe68fabe639c4d2ce7818
[INFO] running `Command { std: "docker" "create" "-v" "/var/lib/crater-agent-workspace/builds/worker-14/target:/opt/rustwide/target:rw,Z" "-v" "/var/lib/crater-agent-workspace/builds/worker-14/source:/opt/rustwide/workdir:ro,Z" "-v" "/var/lib/crater-agent-workspace/cargo-home:/opt/rustwide/cargo-home:ro,Z" "-v" "/var/lib/crater-agent-workspace/rustup-home:/opt/rustwide/rustup-home:ro,Z" "-e" "SOURCE_DIR=/opt/rustwide/workdir" "-e" "CARGO_TARGET_DIR=/opt/rustwide/target" "-e" "CARGO_INCREMENTAL=0" "-e" "RUST_BACKTRACE=full" "-e" "RUSTFLAGS=--cap-lints=forbid" "-e" "CARGO_HOME=/opt/rustwide/cargo-home" "-e" "RUSTUP_HOME=/opt/rustwide/rustup-home" "-w" "/opt/rustwide/workdir" "-m" "1610612736" "--user" "0:0" "--network" "none" "rustops/crates-build-env@sha256:a636fd89d022f18117e1dc8fb37a0a009933cdbbe082814857f0e2024962d47c" "/opt/rustwide/cargo-home/bin/cargo" "+cfbc6d4cf1acbac5c025acf8ed68929caa551df3" "check" "--frozen" "--all" "--all-targets" "--message-format=json", kill_on_drop: false }`
[INFO] [stdout] b14c88b9e593dca624fd29f106d5dc2f4b099569778759a1642c0d5416c5e5a5
[INFO] [stderr] WARNING: Your kernel does not support swap limit capabilities or the cgroup is not mounted. Memory limited without swap.
[INFO] running `Command { std: "docker" "start" "-a" "b14c88b9e593dca624fd29f106d5dc2f4b099569778759a1642c0d5416c5e5a5", kill_on_drop: false }`
[INFO] [stderr]     Blocking waiting for file lock on package cache
[INFO] [stderr]     Blocking waiting for file lock on package cache
[INFO] [stderr]     Checking libc v0.2.40
[INFO] [stderr]    Compiling unicode-xid v0.1.0
[INFO] [stderr]    Compiling cc v1.0.10
[INFO] [stderr]    Compiling cfg-if v0.1.2
[INFO] [stderr]     Checking stable_deref_trait v1.0.0
[INFO] [stderr]     Checking term v0.4.6
[INFO] [stderr]    Compiling smallvec v0.6.0
[INFO] [stderr]    Compiling rustc-ap-syntax v94.0.0
[INFO] [stderr]     Checking lazy_static v1.0.0
[INFO] [stderr]     Checking rustc-ap-serialize v94.0.0
[INFO] [stderr]    Compiling serde v1.0.38
[INFO] [stderr]     Checking void v1.0.2
[INFO] [stderr]    Compiling bitflags v1.0.1
[INFO] [stderr]     Checking ucd-util v0.1.1
[INFO] [stderr]     Checking scoped-tls v0.1.1
[INFO] [stderr]     Checking unicode-width v0.1.4
[INFO] [stderr]     Checking dtoa v0.4.2
[INFO] [stderr]     Checking rustc-demangle v0.1.7
[INFO] [stdout] error: allow_internal_unstable expects list of feature names
[INFO] [stdout]   --> /opt/rustwide/cargo-home/registry/src/github.com-1ecc6299db9ec823/scoped-tls-0.1.1/src/lib.rs:71:1
[INFO] [stdout]    |
[INFO] [stdout] 71 | #[allow_internal_unstable]
[INFO] [stdout]    | ^^^^^^^^^^^^^^^^^^^^^^^^^^
[INFO] [stdout] 
[INFO] [stdout] 
[INFO] [stdout] error[E0554]: `#![feature]` may not be used on the beta release channel
[INFO] [stdout]   --> /opt/rustwide/cargo-home/registry/src/github.com-1ecc6299db9ec823/scoped-tls-0.1.1/src/lib.rs:47:34
[INFO] [stdout]    |
[INFO] [stdout] 47 | #![cfg_attr(feature = "nightly", feature(macro_vis_matcher))]
[INFO] [stdout]    |                                  ^^^^^^^^^^^^^^^^^^^^^^^^^^
[INFO] [stdout] 
[INFO] [stdout] 
[INFO] [stdout] error[E0554]: `#![feature]` may not be used on the beta release channel
[INFO] [stdout]   --> /opt/rustwide/cargo-home/registry/src/github.com-1ecc6299db9ec823/scoped-tls-0.1.1/src/lib.rs:48:34
[INFO] [stdout]    |
[INFO] [stdout] 48 | #![cfg_attr(feature = "nightly", feature(allow_internal_unstable))]
[INFO] [stdout]    |                                  ^^^^^^^^^^^^^^^^^^^^^^^^^^^^^^^^
[INFO] [stdout] 
[INFO] [stdout] 
[INFO] [stdout] error[E0554]: `#![feature]` may not be used on the beta release channel
[INFO] [stdout]   --> /opt/rustwide/cargo-home/registry/src/github.com-1ecc6299db9ec823/rustc-ap-serialize-94.0.0/lib.rs:24:1
[INFO] [stdout]    |
[INFO] [stdout] 24 | #![feature(rustc_private, box_syntax)]
[INFO] [stdout]    | ^^^^^^^^^^^^^^^^^^^^^^^^^^^^^^^^^^^^^^
[INFO] [stdout] 
[INFO] [stdout] 
[INFO] [stdout] error[E0554]: `#![feature]` may not be used on the beta release channel
[INFO] [stdout]   --> /opt/rustwide/cargo-home/registry/src/github.com-1ecc6299db9ec823/rustc-ap-serialize-94.0.0/lib.rs:25:1
[INFO] [stdout]    |
[INFO] [stdout] 25 | #![feature(core_intrinsics)]
[INFO] [stdout]    | ^^^^^^^^^^^^^^^^^^^^^^^^^^^^
[INFO] [stdout] 
[INFO] [stdout] 
[INFO] [stdout] error[E0554]: `#![feature]` may not be used on the beta release channel
[INFO] [stdout]   --> /opt/rustwide/cargo-home/registry/src/github.com-1ecc6299db9ec823/rustc-ap-serialize-94.0.0/lib.rs:26:1
[INFO] [stdout]    |
[INFO] [stdout] 26 | #![feature(specialization)]
[INFO] [stdout]    | ^^^^^^^^^^^^^^^^^^^^^^^^^^^
[INFO] [stdout] 
[INFO] [stdout] 
[INFO] [stdout] error: aborting due to 3 previous errors
[INFO] [stdout] 
[INFO] [stdout] 
[INFO] [stdout] For more information about this error, try `rustc --explain E0554`.
[INFO] [stdout] 
[INFO] [stderr] error: could not compile `scoped-tls`.
[INFO] [stderr] 
[INFO] [stderr] To learn more, run the command again with --verbose.
[INFO] [stderr] warning: build failed, waiting for other jobs to finish...
[INFO] [stdout] error: aborting due to 3 previous errors
[INFO] [stdout] 
[INFO] [stdout] 
[INFO] [stdout] For more information about this error, try `rustc --explain E0554`.
[INFO] [stdout] 
[INFO] [stderr] error: build failed
[INFO] running `Command { std: "docker" "inspect" "b14c88b9e593dca624fd29f106d5dc2f4b099569778759a1642c0d5416c5e5a5", kill_on_drop: false }`
[INFO] running `Command { std: "docker" "rm" "-f" "b14c88b9e593dca624fd29f106d5dc2f4b099569778759a1642c0d5416c5e5a5", kill_on_drop: false }`
[INFO] [stdout] b14c88b9e593dca624fd29f106d5dc2f4b099569778759a1642c0d5416c5e5a5
